
130
Let d(j) = 43*j - 70. What is d(2)?
16
Let t(o) = 2*o**2 - 585*o - 9869. Give t(-16).
3
Let o(u) = 57*u + 4898. Calculate o(-86).
-4
Let t(z) = 18*z + 191. What is t(-7)?
65
Let r(y) = -y**3 - 25*y**2 - 65*y + 139. What is r(-22)?
117
Let l(p) = -p**3 - 46*p**2 + 97*p + 73. Determine l(-48).
25
Let u(q) = -q**3 + 48*q**2 + 286*q - 1086. Determine u(53).
27
Let a(h) = h**3 - 68*h**2 - 5*h + 335. Calculate a(68).
-5
Let v(g) = -6*g**2 - g - 135. What is v(0)?
-135
Let i(a) = 103*a - 3291. Calculate i(32).
5
Let r(l) = -l**3 + 16*l**2 - 21*l + 228. Determine r(16).
-108
Let m(a) = 359*a - 1043. Determine m(3).
34
Let y(l) = -l**3 + 25*l**2 + 39*l - 90. Determine y(26).
248
Let h(v) = -v**3 - 5*v**2 + 3*v - 3. Determine h(-5).
-18
Let l(a) = a**3 - 12*a**2 - 5*a - 6. Determine l(10).
-256
Let a(f) = f**3 - 11*f**2 - 2*f + 7. Give a(11).
-15
Let n(x) = x**3 - 36*x**2 + 61*x + 234. Calculate n(34).
-4
Let r(b) = 52*b - 83. Determine r(4).
125
Let n(w) = -24*w - 77. Calculate n(-2).
-29
Let s(i) = i**3 - 2*i**2 - 31*i - 12. What is s(-6)?
-114
Let i(t) = t**3 + 86*t**2 - 187*t - 974. What is i(-88)?
-6
Let v(p) = -40*p - 2467. Give v(-64).
93
Let p(h) = -h**3 - 33*h**2 - 178*h + 98. What is p(-26)?
-6
Let x(i) = 2*i**3 - 25*i**2 - 16*i + 27. Determine x(13).
-12
Let s(y) = 39*y - 583. Give s(15).
2
Let d(s) = -s**2 + 58*s - 399. What is d(50)?
1
Let c(t) = 2*t**3 + 26*t**2 + t - 23. Calculate c(-13).
-36
Let m(z) = z**3 - 28*z**2 - 56*z + 28. Give m(30).
148
Let s(h) = -772*h + 19310. Calculate s(25).
10
Let n(f) = 5*f**2 + 3*f + 3. What is n(3)?
57
Let j(u) = -7*u - 112. Calculate j(-15).
-7
Let p(l) = l**3 - 14*l**2 + 32*l + 88. What is p(10)?
8
Let u(l) = -l**3 - 109*l**2 + l + 351. Determine u(-109).
242
Let x(u) = -41*u + 503. Determine x(10).
93
Let x(f) = -f**3 - 15*f**2 - 24*f - 2. Determine x(-13).
-28
Let a(g) = -6*g - 113. Calculate a(-11).
-47
Let n(b) = b**2 + 211*b - 644. What is n(3)?
-2
Let w(h) = -3*h**3 + 7*h**2 - 35*h + 103. Calculate w(4).
-117
Let b(q) = 20*q - 232. What is b(12)?
8
Let w(q) = 940*q - 6574. What is w(7)?
6
Let d(m) = -37*m - 92. What is d(-4)?
56
Let v(j) = j**3 - 8*j**2 + 6*j - 77. Determine v(8).
-29
Let w(c) = -2*c**3 - 38*c**2 - 38*c - 6. Determine w(-18).
30
Let l(k) = k**3 - 3*k**2 - 155*k + 8. Give l(-11).
19
Let o(q) = -3*q**3 - 31*q**2 + 34*q + 430. What is o(-10)?
-10
Let c(w) = -33*w + 1586. Determine c(19).
959
Let j(q) = -20*q - 231. Determine j(-10).
-31
Let l(h) = -h**3 - 3*h**2 + 15*h + 68. Determine l(-8).
268
Let n(j) = -5*j**2 + 12*j + 3. Determine n(3).
-6
Let i(x) = -x**3 - 28*x**2 + 51*x - 33. Determine i(-31).
1269
Let g(m) = m**3 + 37*m**2 + 37*m + 51. What is g(-36)?
15
Let y(x) = 15*x**2 - 35*x - 19. Determine y(3).
11
Let x(r) = r**2 + 151*r + 3732. Give x(-120).
12
Let o(j) = -517*j - 5688. What is o(-11)?
-1
Let i(w) = -w**2 - 58*w - 37. What is i(-53)?
228
Let c(r) = -9*r**2 + 174*r - 44. Give c(19).
13
Let q(j) = j**2 + 129*j - 1204. Give q(9).
38
Let w(h) = 3*h**3 + 130*h**2 - 89*h - 35. Calculate w(-44).
9
Let t(j) = 3379*j - 23651. Calculate t(7).
2
Let m(s) = -7*s**3 + 3*s**2 + 26*s - 89. What is m(3)?
-173
Let h(u) = 941*u + 5669. Give h(-6).
23
Let n(d) = 93*d**2 - 488*d + 109. Give n(5).
-6
Let t(w) = w**2 + 9*w - 12. Give t(-15).
78
Let k(b) = b**3 + 5*b**2 - 326*b - 525. Calculate k(-20).
-5
Let g(u) = 3*u**2 - 31*u - 210. Calculate g(-9).
312
Let u(f) = 13*f + 286. Determine u(-22).
0
Let q(l) = -3*l**2 + 294*l + 10133. Give q(-27).
8
Let r(j) = -j**2 - j + 87. Calculate r(9).
-3
Let r(g) = 95*g + 4696. Calculate r(-49).
41
Let b(r) = r**3 - 16*r**2 + 130*r - 446. Calculate b(5).
-71
Let x(w) = -5*w**2 - w - 23. Calculate x(0).
-23
Let o(w) = -w**3 - 6*w**2 - 3*w + 25. Give o(-4).
5
Let n(r) = 17*r**2 + 303*r - 33. What is n(-18)?
21
Let f(u) = -14*u - 951. Determine f(-83).
211
Let o(l) = -l**3 + 79*l**2 - 92*l + 1125. Determine o(78).
33
Let h(a) = -2*a**3 + 320*a**2 - 930*a - 1891. Give h(157).
-7
Let f(w) = 6*w - 96. Determine f(33).
102
Let n(y) = 2*y**2 - 160*y + 1535. What is n(69)?
17
Let b(r) = -1443*r**2 - 7219*r + 5. What is b(-5)?
25
Let o(p) = 955*p**2 + 17*p - 12. Determine o(1).
960
Let w(a) = -3*a**2 - 4*a + 2252. What is w(-28)?
12
Let c(s) = s**3 + 14*s**2 + 17*s + 44. What is c(-14)?
-194
Let r(f) = 11*f**2 + 70*f + 25. Give r(-6).
1
Let x(s) = -130*s + 3799. Give x(29).
29
Let o(k) = k**3 + 84*k**2 + 238*k - 130. What is o(-81)?
275
Let j(n) = -56*n + 171. Calculate j(18).
-837
Let t(s) = -2*s**3 - 19*s**2 - 21*s - 14. Give t(-6).
-140
Let x(v) = 2*v**2 - 20*v + 40. What is x(8)?
8
Let u(h) = -h**2 + 95*h + 279. What is u(-3)?
-15
Let s(v) = -119*v + 1803. Give s(15).
18
Let q(m) = m**3 - 38*m**2 + 5*m - 158. Determine q(38).
32
Let b(a) = 469*a + 6059. Determine b(-13).
-38
Let s(f) = -39*f + 277. What is s(4)?
121
Let d(p) = p**3 + p**2 - 51*p - 163. What is d(-5)?
-8
Let t(w) = w**3 + 21*w**2 + 81*w + 28. What is t(-16)?
12
Let y(x) = x**3 - 11*x**2 + 12*x + 43. Give y(3).
7
Let p(n) = 60*n + 477. Determine p(-8).
-3
Let z(m) = -m**3 + 2*m**2 + 62*m + 90. What is z(-6)?
6
Let n(d) = -d**2 + 62*d - 521. Give n(26).
415
Let i(x) = -x**3 + x**2 - x - 18. What is i(-2)?
-4
Let y(x) = 14*x**2 - 129*x + 39. Give y(9).
12
Let h(v) = -v**2 + 819*v - 3247. Determine h(4).
13
Let s(w) = -w**3 + 101*w - 530. Determine s(5).
-150
Let w(r) = 1513*r - 12096. Give w(8).
8
Let v(p) = -3*p**2 + 4*p + 28424. Calculate v(98).
4
Let c(t) = -t**3 + 18*t**2 - 20*t + 53. Determine c(17).
2
Let l(a) = -5*a**3 - 39*a**2 + 52*a + 339. Give l(-8).
-13
Let h(y) = -960*y - 50873. Determine h(-53).
7
Let b(w) = 7*w**2 + 168*w + 882. Calculate b(-6).
126
Let p(m) = -m**2 - 20*m - 76. Calculate p(-17).
-25
Let x(d) = d**2 + 106*d + 385. Give x(-4).
-23
Let r(c) = -4*c**2 + 89*c - 316. What is r(4)?
-24
Let q(j) = j**3 + 16*j**2 - 21*j - 9. Determine q(-17).
59
Let b(q) = -3*q**2 + 43*q + 73. Determine b(16).
-7
Let p(o) = o**3 - 11*o**2 + 13*o - 28. Give p(10).
2
Let p(k) = 764*k - 10701. Calculate p(14).
-5
Let m(r) = -1755*r - 10532. Determine m(-6).
-2
Let j(r) = -280*r - 2810. Calculate j(-10).
-10
Let h(q) = -9*q**3 - 54*q**2 + 16*q + 104. Determine h(-6).
8
Let y(t) = t + 62. What is y(-8)?
54
Let u(n) = n**2 + 318*n - 632. Determine u(2).
8
Let j(k) = -11*k - 355. Give j(-36).
41
Let g(y) = y**3 - 15*y**2 + 53*y - 6. Give g(6).
-12
Let w(x) = -x**3 - 31*x**2 + 89*x + 1817. Calculate w(-32).
-7
Let a(k) = -k**3 - 13*k**2 + 7*k + 365. Give a(-10).
-5
Let n(y) = -283*y - 518. Calculate n(-2).
48
Let w(s) = -s**3 - 8*s**2 + 67*s + 21. Give w(-13).
-5
Let o(c) = c**2 - 661*c - 8764. What is o(-13)?
-2
Let j(q) = -430*q - 1883. What is j(-5)?
267
Let c(g) = 52*g - 235. Determine c(5).
25
Let a(v) = -2271*v + 4678. Give a(2).
136
Let m(l) = -76*l + 255. Calculate m(3).
27
Let v(t) = t**3 + 13*t**2 - 48*t - 716. Give v(-8).
-12
Let p(c) = 94*c - 7. Determine p(2).
181
Let o(u) = 25*u - 88. Calculate o(5).
37
Let i(w) = -w**3 - 49*w**2 - 47*w + 3. Determine i(-48).
-45
Let t(j) = 65*j - 53. Calculate t(2).
77
Let b(x) = -3*x**3 - 68*x**2 + 13*x - 220. What is b(-23)?
10
Let o(g) = g**3 + 2*g**2 - 8*g - 8. Determine o(-6).
-104
Let b(j) = j**3 + 133*j**2 + 7*j + 937. Calculate b(-133).
6
Let s(v) = 4*v**3 - 48*v**2 + 5*v - 59. Calculate s(12).
1
Let v(r) = 124*r - 5205. Determine v(42).
3
Let c(l) = l**3 - 100*l**2 - 115*l + 1421. Determine c(101).
7
Let r(x) = 2527*x + 2524. Determine r(-1).
-3
Let a(q) = 2*q**3 - 112*q**2 - 880*q - 174. What is a(63)?
-48
Let s(d) = -3*d**3 - 26*d**2 + 8*d - 14. Determine s(-9).
-5
Let g(z) = -z**2 + 86*z + 457. Calculate g(-5).
2
Let l(c) = 2*c**2 + 3*c - 13. Determine l(3).
14
Let b(c) = -9*c**3 - 3*c**2 - 24*c + 1. Calculate b(0).
1
Let l(d) = d**3 + 42*d**2 + 303*d - 5. Calculate l(-33).
-203
Let r(l) = 2*l**3 - 23*l**2 + 63*l - 397. Determine r(10).
-67
Let y(g) = -g**3 - 32*g**2 + 705*g - 6. Give y(15).
-6
Let c(t) = -270*t**2 - 4859*t + 46. Determine c(-18).
28
Let v(q) = 15*q - 886. Give v(57).
-31
Let x(g) = g**3 + 65*g**2 - 40*g - 2878. What is x(-65)?
-278
Let l(d) = -4*d**3 + 5*d**2 + 62*d - 189. What is l(7)?
-882
Let y(p) = -2*p**2 + 2*p - 6. Calculate y(6).
-66
Let w(k) = 2*k**2 + 816*k - 1630. What is w(2)?
10
Let j(t) = 6*